est common divisor of 993298 and 752?
94
What is the greatest common divisor of 356814 and 61533?
387
Calculate the greatest common divisor of 1536 and 156989184.
768
Calculate the greatest common divisor of 88421 and 30914.
29
Calculate the greatest common divisor of 281830660 and 60.
20
What is the greatest common factor of 1949 and 120294229?
1949
What is the greatest common factor of 774746 and 2520?
14
What is the highest common factor of 288941 and 19549?
113
Calculate the highest common factor of 16881314 and 17899.
2557
What is the greatest common divisor of 1587162 and 1452?
6
What is the highest common divisor of 36417 and 33855?
183
What is the highest common divisor of 61361682 and 4623?
201
What is the greatest common factor of 10319 and 13867522?
607
What is the highest common divisor of 3455 and 1867023265?
3455
Calculate the highest common factor of 361 and 83757776.
361
Calculate the greatest common divisor of 532923381 and 19.
19
What is the greatest common divisor of 24894173 and 412?
103
Calculate the greatest common divisor of 4596 and 194940.
12
Calculate the greatest common divisor of 27244568 and 69408.
1928
What is the highest common factor of 1567266414 and 714?
714
Calculate the highest common divisor of 93248 and 44745927.
1457
What is the highest common factor of 10565079 and 546?
21
What is the highest common factor of 20689 and 4033811?
17
What is the highest common factor of 11838786 and 1218?
174
Calculate the highest common divisor of 4136 and 25802744.
88
What is the highest common divisor of 53148 and 46853052?
1236
Calculate the highest common factor of 49565613 and 657.
219
What is the highest common factor of 38036 and 7252?
148
What is the highest common divisor of 2329 and 188581?
17
What is the greatest common divisor of 35 and 2841013?
7
What is the highest common factor of 3468707 and 121?
121
What is the highest common factor of 387762636 and 24?
12
What is the highest common divisor of 2122 and 16078?
2
Calculate the greatest common factor of 235 and 20645032.
47
What is the greatest common divisor of 25365383 and 17155?
3431
What is the greatest common divisor of 170520 and 42756?
84
Calculate the highest common divisor of 590 and 1014918.
118
What is the greatest common divisor of 54782 and 275938?
26
What is the highest common divisor of 415 and 12206063?
83
Calculate the greatest common factor of 8800 and 67367025.
275
What is the greatest common divisor of 37146600 and 75?
75
Calculate the greatest common divisor of 248 and 1179945064.
248
What is the greatest common divisor of 1180380 and 4440?
60
What is the highest common factor of 33000 and 6046375?
125
Calculate the greatest common divisor of 10537343 and 152.
19
Calculate the highest common factor of 2144 and 76433064.
536
What is the greatest common factor of 132690864 and 8416?
4208
Calculate the greatest common factor of 1055 and 251395.
5
What is the greatest common factor of 150 and 17637675?
75
What is the highest common divisor of 23420592 and 9360?
1872
What is the highest common divisor of 259 and 201519094?
259
Calculate the greatest common factor of 5535 and 1220283.
369
Calculate the greatest common factor of 50456 and 338912.
952
Calculate the highest common factor of 5821728 and 604791.
4917
What is the highest common divisor of 320 and 2029590?
10
Calculate the greatest common factor of 84287 and 6426.
7
What is the greatest common factor of 33 and 1996588?
11
What is the highest common factor of 18752 and 130752?
64
Calculate the highest common factor of 8571222 and 32850.
1314
Calculate the highest common factor of 326689 and 29376.
17
What is the greatest common factor of 43319989 and 155?
31
What is the highest common divisor of 85092790 and 1136?
142
What is the greatest common divisor of 58289 and 443602?
757
What is the greatest common divisor of 1599374 and 8694?
322
What is the greatest common factor of 12560 and 204532?
4
Calculate the greatest common divisor of 425642823 and 27.
27
What is the greatest common divisor of 48245060 and 274555?
6385
Calculate the greatest common factor of 7803 and 42575769.
2601
Calculate the highest common factor of 43125 and 1545.
15
Calculate the highest common factor of 423903817 and 58.
29
What is the highest common factor of 38256 and 381648?
48
Calculate the greatest common divisor of 662018 and 742.
14
Calculate the highest common divisor of 87674 and 887006.
118
Calculate the highest common divisor of 480250 and 550310.
1130
Calculate the highest common factor of 26488 and 48193024.
3784
What is the greatest common divisor of 24 and 231838428?
12
Calculate the greatest common divisor of 63 and 1844115.
21
Calculate the greatest common divisor of 12123 and 563929632.
4041
What is the greatest common divisor of 45681537 and 3594?
1797
What is the greatest common divisor of 177950245 and 385?
55
Calculate the highest common divisor of 12441622 and 1256.
314
What is the greatest common factor of 2738016 and 25596?
108
What is the highest common factor of 6834 and 264918?
402
Calculate the highest common factor of 214828 and 50912.
172
What is the highest common divisor of 120179 and 56776?
47
What is the highest common divisor of 9399600 and 4872?
168
Calculate the greatest common divisor of 5162488 and 920.
184
Calculate the greatest common divisor of 34695 and 30645.
135
Calculate the highest common factor of 60 and 345532080.
60
Calculate the highest common factor of 2284 and 2536382.
1142
Calculate the greatest common factor of 452 and 1598159.
113
What is the highest common divisor of 1566561 and 46696?
449
Calculate the highest common divisor of 109161 and 50420253.
12129
Calculate the greatest common divisor of 64538 and 661250.
1058
Calculate the greatest common divisor of 7761 and 33973479.
597
Calculate the highest common divisor of 13941 and 25287425.
1549
What is the highest common factor of 1600690242 and 3246?
3246
Calculate the greatest common divisor of 409976 and 4984.
56
What is the highest common factor of 16 and 66106288?
16
Calculate the highest common factor of 1742 and 2404.
2
What is the greatest common factor of 1447 and 25405?
1
What is the greatest common factor of 201100217 and 865?
173
What is the greatest common factor of 24 and 52149288?
24
What is the greatest common factor of 720 and 3966975?
45
What is the greatest common divisor of 10395 and 267969735?
1485
What is the highest common factor of 135378888 and 408?
408
What is the greatest common divisor of 129195 and 25411221?
2871
Calculate the highest common divisor of 104090 and 476.
14
Calculate the highest common divisor of 1473 and 881850.
3
What is the highest common divisor of 192 and 444588?
12
What is the highest common divisor of 58375 and 298880?
2335
What is the greatest common factor of 10283548 and 297?
11
What is the greatest common factor of 50086428 and 6468?
588
What is the highest common divisor of 670532 and 37?
1
Calculate the highest common factor of 23 and 2100728.
23
What is the highest common divisor of 32588032 and 3200?
128
What is the highest common factor of 1682059 and 207?
23
What is the highest common divisor of 4734 and 39918?
6
Calculate the greatest common factor of 335648 and 30233.
617
What is the greatest common divisor of 1148224 and 5021632?
4928
What is the greatest common factor of 36069 and 7437?
3
What is the highest common divisor of 1746058 and 1462?
86
What is the highest common divisor of 702 and 1034722?
26
Calculate the highest common divisor of 25042689 and 3132.
783
What is the greatest common divisor of 171349 and 3882833?
3233
Calculate the highest common divisor of 1018 and 2261319539.
509
What is the highest common factor of 77717487 and 6585?
1317
What is the greatest common factor of 36656568 and 3692?
52
Calculate the greatest common factor of 5597218 and 3333.
1111
What is the highest common divisor of 126763 and 9353?
199
What is the highest common divisor of 128 and 170656?
32
What is the highest common divisor of 33936 and 57813?
21
What is the highest common factor of 4 and 223882564?
4
What is the greatest common divisor of 5 and 354883415?
5
What is the greatest common divisor of 3432080 and 80?
80
What is the highest common